et x(i) = i**l + 2*i**2 - 14*i + 19 - 2*i**2. Give x(13).
6
Suppose -9*d = 57 - 1128. Let m = d + -116. Let r(f) = -5*f**2 + 0*f**3 + f**3 + 3*f + 1 + f**2. Determine r(m).
1
Let p = 226 - 118. Let j = -103 + p. Suppose -j = 5*u - 0. Let m(n) = -5*n. What is m(u)?
5
Let n(m) = -m**3 + 10*m**2 - 25*m + 33. Let o = 2902 - 2896. Calculate n(o).
27
Suppose 3428 - 14028 = -25*r. Let y(p) = r*p - 421*p + 7 - 7. What is y(-6)?
-18
Let f(c) be the first derivative of 3*c**2/2 + 56*c - 965. What is f(-26)?
-22
Suppose -2*l + 4*f + 20 = 0, 2*l = l + 3*f + 12. Let m(q) = -7*q**2 - 10*q + 14. Let j(c) = c**2. Let w(i) = l*j(i) + m(i). Calculate w(-11).
3
Suppose -20*l + 21*l = 5*y + 26, -74 = 11*l + 5*y. Let v(i) = i**2 - 7*i - 43. What is v(l)?
1
Let m be 34 - ((-11)/(-22))/((-2)/(-12)). Let d(f) = -f + m*f**2 + 0*f - 6 - 30*f**2. What is d(0)?
-6
Suppose -23*j = -35*j + 24. Let o(s) = 5*s - 3 - 3 + 7*s - 4*s - 28*s**j + 27*s**2. Calculate o(7).
1
Let o(f) be the third derivative of f**5/60 - f**4/4 - 157*f**3/3 + 619*f**2 - 2. Determine o(-15).
1
Let w(d) = d**2 - 10*d - 5. Let q(o) = -16*o + 120. Let h be q(5). Suppose 0 = -21*x + h + 149. What is w(x)?
-14
Let o = -40 - -59. Suppose 0 = -134*a + 225*a. Let l(y) = -3*y + 0*y - y**2 - 3 + o*y**3 + a - 18*y**3. Determine l(3).
6
Let c(u) = 1214*u - 6067. Let q be c(5). Let k(r) = 3*r**2 + 13*r - 57. Determine k(q).
9
Let t(f) = f**3 - 10*f**2 + 23*f - 16. Let u be (-24)/300 - (354/(-50) + 0). What is t(u)?
-2
Let j(k) = 14*k**3 - 3*k**2 + k + 3. Let q be j(3). Let i = q + -369. Let g(o) = -o**2 - 15*o - 30. Give g(i).
6
Let l(m) = -39*m + 42. Let d(f) = 5*f - 234. Let a be d(47). What is l(a)?
3
Let x(l) = -5*l - 14. Let c(p) = p + 1. Let d(y) = -4*c(y) - x(y). Let z be d(10). Suppose 30*a = 25*a - z. Let s(m) = -2*m. Give s(a).
8
Let z(a) = -a**3 - 3*a**2 - 3*a - 2. Let f(q) = q**2 - 15*q - 78. Let x = -141 - -145. Suppose -3*p - x*s = -61, -3*s = 3 - 6. Let d be f(p). Calculate z(d).
0
Let c(g) = -g**3 - 2*g**2 + 4*g + 2. Suppose -31350 = -86*n + 31*n. Let f be n/(-210) + (-6)/21. Calculate c(f).
-1
Let a(i) = i**2 + 9*i - 34. Let p be 0*4*7/28 - 9. Calculate a(p).
-34
Let r(k) be the third derivative of 4*k**2 + 1/2*k**3 + 0*k + 5/24*k**4 + 1/60*k**5 + 8. What is r(-6)?
9
Let r(s) = -s - 20. Let u be r(0). Let i = u + 24. Let w(j) = -39 - 2*j**3 + j**3 + 19 - 5*j + 18 - i*j**2. Give w(-3).
4
Let t(c) = c**3 + 4*c**2 - 5*c - 1. Let i(j) = 0*j**2 + j**3 + j**2 + 2 - 14*j**2 + 2*j - 2*j**3. Let g be i(-13). Let k be (g/(-48))/(2/(-20)). What is t(k)?
-1
Let j(u) = -96*u + 45. Let m(t) = -79*t + 39. Let r(y) = -6*j(y) + 7*m(y). Calculate r(-4).
-89
Let i(b) = -2*b**2 - 9*b - 18. Let f be -6 + 13/(-39)*6. Calculate i(f).
-74
Let n(z) = -z**2 + 27*z + 2472. Let l be n(65). Let w(c) be the third derivative of -7*c**4/24 + c**3/3 - c**2. What is w(l)?
-12
Let q(r) = -6 + 18 - 7 - 2*r - 13 + 0*r - r**3 - 13*r**2. Give q(-13).
18
Let q(w) be the first derivative of -11*w - 40 - 1/2*w**2. Determine q(0).
-11
Suppose 10 - 106 = -3*p. Let l = 36 - p. Suppose l*c = 2*o + 2, -22 = 5*o - 4*c + 1. Let i(r) = r**3 + 8*r**2 + 9*r + 9. What is i(o)?
-5
Let h(j) = -j**2 - 6*j + 18. Let d = 22903 - 22912. Calculate h(d).
-9
Suppose 5*d + 3958 = 4068. Let l(o) be the second derivative of 3*o**2 - d*o + 0 + 2/3*o**3. What is l(-4)?
-10
Let s be (-3)/5 + ((-728)/(-35))/8. Let r(l) = s - 27*l + 0 + 30*l. Determine r(-3).
-7
Let t(b) be the third derivative of 49*b**6/120 + b**5/60 - b**4/12 + b**3/6 + 2744*b**2. What is t(1)?
49
Let z(g) = 9*g - 537. Let h(u) = 2*u - 102. Let w(b) = 11*h(b) - 2*z(b). Give w(13).
4
Let i(c) be the third derivative of c**4/24 - 15*c**3 + 9*c**2 + 85*c + 2. Determine i(-10).
-100
Let z(u) be the second derivative of 7*u**3/6 + 68*u**2 - 362*u - 2. What is z(-18)?
10
Let j(g) = 5*g + 42. Let r(k) = 11*k + 93. Let q(l) = -9*j(l) + 4*r(l). Calculate q(-10).
4
Let z(f) = -f**3 - 7*f**2 - f + 1. Let y(b) = b**3 + 23*b**2 + 26*b + 87. Let t be y(-22). Let m(n) = 7*n**3 - n - 1. Let a be m(t). What is z(a)?
8
Let i be (3052/(-84) - -36)*-9. Let u(t) = 3*t**2 - 7*t + 2. Let d(l) = -l**2 + l + 1. Let b(k) = 2*d(k) + u(k). Give b(i).
-2
Let h(k) = -3*k - 33. Suppose 0 = -67*y + 167*y + 500. What is h(y)?
-18
Let m(f) = -11*f**2 + 16*f + 31. Let x(v) = -8*v**2 + 15*v + 26. Let g(u) = 3*m(u) - 4*x(u). Determine g(-13).
-24
Suppose -3*j - 2*g = 2, 0 = 5*g - 13 - 27. Let a(w) = 5*w - 2*w**2 - w - 4 + 3*w**2. What is a(j)?
8
Suppose -4*w + 26105 = 26077. Let k(c) = -c**3 + 7*c**2 + c - 5. What is k(w)?
2
Let h(p) = -3*p + 3. Let l(y) = 3*y - 72. Suppose -a + 3*j - 35 = -2*a, -a = -2*j - 15. Let w be l(a). Calculate h(w).
12
Let h(w) = w**3 + 38*w**2 + 73*w + 37. Let p be h(-36). Let v be 20/6*p*6/5. Let b(z) = 1. Let g(q) = q + 6. Let x(t) = 3*b(t) - g(t). Calculate x(v).
-7
Let i(o) = -o**2 - 7. Let w be i(0). Let k = w - -6. Let y(a) = -a - 21*a**2 + 16 + 14 + 12 + 14 - 57. What is y(k)?
-21
Let s(b) be the third derivative of 1/60*b**5 + 4/3*b**3 + 138*b**2 + 1/24*b**4 + 0 - 1/120*b**6 + 0*b. Suppose -2*i = -0*i. Calculate s(i).
8
Let w(b) be the first derivative of 3*b**2/2 - 27*b + 34. Suppose 36*n + 3 = 38*n + 3*g, -3*g = 5*n - 30. Determine w(n).
0
Let m(p) = -p**2 - 4*p + 23. Let n be m(-7). Let o be (-1 + 1)/(0/(-3) + n). Let y(d) = -d**2 - 21. Calculate y(o).
-21
Let n(k) = k**3 + 12*k**2 - 29*k - 16. Let r(z) = 10*z**2 - 139*z + 103. Let v be r(13). What is n(v)?
-2
Let m(v) be the second derivative of 99*v + 0*v**2 - 5/12*v**4 - 1/6*v**3 + 0 + 1/20*v**5. What is m(5)?
-5
Let s(x) be the third derivative of -x**7/5040 - x**6/60 + x**5/20 - 5*x**4/8 - 145*x**2. Let m(b) be the third derivative of s(b). Give m(-5).
-7
Let g(u) = -8*u**3 - u**2 + u - 2. Let a(t) = 9*t**3 + t**2 - t + 1. Let n(w) = 3*a(w) + 2*g(w). Let k be 221/(-255) + (-6)/45. Determine n(k).
-10
Let y = 797 - 792. Suppose 0 = -24*t + 22*t + 3*b - 9, y*t = b + 10. Let a(h) = 2*h**2 - 3*h + 1. Determine a(t).
10
Let s(c) = -14*c + 1. Let o be 0 + (-10)/(-25)*5. Suppose 5 = -o*b + 7. Give s(b).
-13
Let r(o) = -237 + 48 + 22*o + o**3 + 111 + 23*o**2 + 97. Calculate r(-22).
19
Suppose m = 2*y + 136, 2*m = -4*y + 2*y - 136. Let i be 8/(-36) - y/(-18). Let h(d) = d**2 + 2*d. Give h(i).
8
Let z(i) = -i**2 - 2*i + 8. Suppose -l = 4*q - 4, -5*l - 2*q = -6*q + 52. Suppose -3*x - 98 = 11*x. Let k be x - (3 - (-4 - l)). Give z(k).
-16
Let s be (-1)/(-3) - (-1400)/30. Let i = 49 - s. Let w(v) = -7*v**i + 5*v**3 + 3*v**3 - 4*v**3 + 3 - 3*v**3 - 2*v. Give w(7).
-11
Let c(d) = d**2 - 2. Let v(h) = -3*h**2 - 6*h + 5. Let r(u) = -2*c(u) - v(u). Let o = 1108 - 1113. What is r(o)?
-6
Let n(k) = -k - 2. Let g(d) be the first derivative of d**3/3 - 7*d**2 + 54*d - 30. Let i be g(5). Calculate n(i).
-11
Let t(b) be the second derivative of 7/2*b**2 - 2*b + 0 - 1/6*b**3. Let y be (-3)/1*(-11)/(66/8). What is t(y)?
3
Let y(r) = r**2 + 39*r + 40. Let u be y(-38). Let g(m) = -2 - 2*m + 13487*m**2 - 2*m - 13492*m**u. What is g(-3)?
-35
Let o(p) = 22563 - 22538 + 61*p - 53*p. Determine o(-9).
-47
Suppose 4*n = 4*c - 4, -4*c + n = c - 9. Let q be c/1 - ((-6)/(-3) + -4). Suppose -6 = q*u - 2. Let y(h) = -11*h**2 - 1. Give y(u).
-12
Suppose -4*z = 0, 4*z = 18*b - 23*b + 25. Let m(w) = 8*w - 20. What is m(b)?
20
Let j be (24/132 + (-447)/99)*(0 - -3). Let r(u) = 10*u + 123. Calculate r(j).
-7
Let i(o) = 44 - 405*o**3 + 406*o**3 + 28*o - 23*o**2 - 30*o. Determine i(23).
-2
Let k(x) = 1782 - 3351 + 7*x + 1681. Calculate k(-16).
0
Suppose 3*v + 4*q = -9, 22*v + 8 = 24*v - 2*q. Let z(m) = -8*m**3 + 2*m**2 - 2*m + 1. Determine z(v).
-7
Let o be (-5)/15 - (-26)/6. Let i(n) = -2*n**2 + 1880 + n + 1876 - 3756. Calculate i(o).
-28
Let p(d) = -497*d + 76 + 494*d - 1. Let l be p(25). Let n(z) = z**2 + 2. What is n(l)?
2
Let w(k) = -k**3 + 3*k**2 + 3*k - 4. Let a = 3849 - 3845. Give w(a).
-8
Suppose 3*a = -a + 2*g - 4, 3*g - 10 = 2*a. Suppose 25*m = 12*m + 26. Let t(b) = -13*b**m + 173*b + 173*b - 345*b. Determine t(a).
-12
Suppose 0 = 4*g - 19 + 19. Suppose 4*d - 2*d = -g*d. Suppose 0 = 3*m + 3*i + 6, -m + 18 = -d*m - 3*i. Let w(k) = k**2 - 2. Give w(m).
7
Suppose s = 2*s + 1, -3*s = -5*z + 48. Let t(d) = 38*d**2 - 806*d**3 + 4 - 47*d**2 + 807*d**3. Calculate t(z).
4
Let m(